isor of 228884010 and 1180?
590
What is the highest common divisor of 2165156 and 264079?
1459
Calculate the highest common factor of 5075 and 8373605.
145
Calculate the greatest common divisor of 122 and 573766.
122
What is the highest common factor of 2511119 and 377?
13
Calculate the greatest common factor of 681 and 41963901.
681
What is the highest common divisor of 528785004 and 5324?
5324
Calculate the highest common factor of 154671 and 6213.
327
What is the highest common factor of 35 and 603174215?
35
What is the greatest common factor of 25566399 and 9?
9
What is the greatest common factor of 570 and 17866194?
114
What is the greatest common divisor of 192 and 3536184?
24
What is the highest common divisor of 183676 and 1869978?
1954
What is the greatest common factor of 1379070 and 951618?
1194
What is the greatest common divisor of 11 and 146027233?
11
Calculate the greatest common factor of 168930 and 2610.
90
What is the greatest common divisor of 16290 and 12020210?
1810
What is the greatest common factor of 12110028 and 18564?
84
What is the greatest common divisor of 2647965 and 10?
5
Calculate the highest common divisor of 18 and 3190743.
9
What is the greatest common divisor of 3318 and 65570316?
3318
Calculate the highest common divisor of 32508258 and 387.
129
Calculate the greatest common factor of 3551 and 9983.
67
Calculate the highest common divisor of 131170 and 38480.
130
Calculate the highest common factor of 88154064 and 360.
72
Calculate the highest common divisor of 2223 and 7050843.
171
Calculate the greatest common factor of 66783 and 62449.
197
Calculate the greatest common factor of 43642248 and 26.
26
What is the greatest common divisor of 248740 and 5140?
20
Calculate the greatest common factor of 56 and 47232661.
7
What is the greatest common factor of 51483114 and 108?
54
What is the highest common factor of 20 and 256479620?
20
What is the greatest common divisor of 3312 and 2920149?
207
What is the greatest common factor of 10951 and 29375?
47
What is the highest common factor of 2 and 9003653?
1
Calculate the greatest common factor of 1056 and 22033968.
528
What is the greatest common divisor of 4656 and 64830?
6
What is the highest common factor of 26865 and 755865?
135
Calculate the greatest common factor of 29104 and 2232448.
1712
Calculate the highest common factor of 44 and 86438276.
4
What is the greatest common divisor of 17563 and 37185889?
2509
What is the highest common divisor of 1283388565 and 255?
85
What is the greatest common factor of 71677720 and 80?
40
Calculate the greatest common divisor of 820 and 9949270.
10
Calculate the greatest common divisor of 29133 and 4123938.
3237
Calculate the highest common divisor of 111928 and 5749478.
1646
Calculate the greatest common factor of 73464645 and 219.
219
Calculate the greatest common factor of 14841848 and 10528.
2632
What is the greatest common factor of 108640 and 32608?
32
What is the highest common divisor of 3994485 and 4845885?
7095
What is the highest common factor of 600 and 6617160?
120
What is the greatest common factor of 396087 and 3906?
93
Calculate the highest common factor of 1299 and 25278.
3
What is the greatest common factor of 3266 and 3716282?
142
Calculate the greatest common divisor of 2100461 and 55.
11
What is the highest common factor of 3660903 and 6318?
27
What is the greatest common factor of 1007240 and 9048260?
3380
Calculate the greatest common divisor of 1435272 and 6320.
632
What is the greatest common divisor of 39374380 and 340?
340
What is the greatest common factor of 279 and 18752427?
279
What is the highest common factor of 3528 and 25540368?
1176
Calculate the greatest common factor of 663230 and 51040.
290
Calculate the highest common divisor of 14511910 and 98.
14
Calculate the greatest common divisor of 2419141 and 23387.
257
Calculate the highest common divisor of 9588994 and 3478.
74
Calculate the highest common factor of 307043 and 15314761.
1133
What is the greatest common factor of 3624 and 52835353?
151
What is the highest common factor of 889329 and 168?
21
Calculate the highest common divisor of 40 and 184927880.
40
Calculate the highest common divisor of 10557 and 3369978.
459
Calculate the highest common divisor of 52767 and 2431143.
1287
What is the greatest common divisor of 265 and 636495?
5
Calculate the highest common factor of 740101 and 16470661.
2731
Calculate the greatest common divisor of 583281 and 43947.
171
What is the highest common factor of 1548960 and 612208?
7376
What is the greatest common divisor of 1004 and 72419022?
502
Calculate the highest common factor of 1060668 and 1562454.
1098
Calculate the greatest common factor of 766210 and 82990.
1930
What is the highest common divisor of 1431 and 17217?
9
Calculate the greatest common factor of 40670 and 15106.
1162
Calculate the greatest common divisor of 7644 and 35787150.
294
What is the greatest common factor of 37026 and 1237302?
198
Calculate the highest common divisor of 33 and 10598919.
3
Calculate the greatest common factor of 712 and 304176724.
356
What is the greatest common factor of 98417665 and 415?
415
What is the highest common divisor of 1539 and 633631?
19
Calculate the greatest common divisor of 21924 and 164124.
36
What is the greatest common factor of 23658237 and 24771?
69
What is the highest common factor of 9341742 and 22042?
214
What is the highest common factor of 216 and 652896?
72
Calculate the highest common divisor of 19170 and 1415.
5
Calculate the greatest common divisor of 96148806 and 123968.
3874
What is the greatest common divisor of 465 and 65103720?
465
What is the greatest common factor of 128685 and 3162270?
345
What is the greatest common factor of 3576 and 40721700?
1788
Calculate the greatest common factor of 157547 and 21138.
13
Calculate the greatest common divisor of 2873091 and 4485.
897
Calculate the greatest common divisor of 113630671 and 11165.
2233
What is the greatest common divisor of 33465 and 33853?
97
What is the greatest common factor of 3867 and 3350111?
1289
Calculate the highest common divisor of 3535544 and 778344.
904
Calculate the greatest common factor of 51442 and 497369.
289
What is the highest common divisor of 759304 and 10108?
28
What is the greatest common factor of 6317365 and 825?
5
What is the highest common factor of 4337431 and 287?
287
What is the highest common divisor of 9635973 and 9285?
1857
What is the highest common divisor of 2688 and 548015104?
896
Calculate the greatest common divisor of 11654895 and 1470.
735
Calculate the highest common divisor of 9376 and 810731.
293
Calculate the highest common divisor of 1435772316 and 4712.
2356
What is the greatest common factor of 2105226 and 372331?
1073
Calculate the greatest common divisor of 1421 and 3752714.
49
Calculate the highest common factor of 19949750 and 4325.
25
Calculate the greatest common divisor of 84 and 15256528.
28
Calculate the highest common divisor of 53888 and 632.
8
What is the highest common divisor of 3249 and 4643904?
1083
What is the highest common divisor of 3087 and 12063996?
3087
Calculate the highest common factor of 528 and 3797607.
33
Calculate the highest common factor of 60340 and 127620.
20
What is the greatest common divisor of 19346585 and 1005?
335
Calculate the highest common divisor of 72853379 and 17089.
743
What is the greatest common divisor of 144533712 and 48?
48
Calculate the highest common divisor of 2895 and 729450255.
2895
What is the greatest common factor of 183 and 158170682?
61
Calculate the highest common divisor of 453228 and 782946.
1074
What is the greatest common factor of 126 and 31252116?
42
What is the highest common factor of 152 and 756029722?
38
What is the highest common divisor of 41952 and 2825376?
1824
What is the greatest common divisor of 170651 and 8021?
13
Calculate the highest common factor of 1865 and 164529927.
373
What is the highest common factor of 3796 and 213124?
4
Calculate the highest common factor of 53917523 and 22.
11
What is the greatest common factor of 96290697 and 501?
501
Calculate the highest common divisor of 4800 and 389440.
320
Calculate the highest common factor of 3068 and 9958964.
236
What